z(-3).
-3
Suppose 0 = -7*w + 2*w. Let d(z) = 4*z + 4*z**2 - 2 - 6*z + w + 3. Give d(1).
3
Let v(o) = 3*o**2 - 9*o + 2. Let w(r) = r**2 - r. Let d(i) = -v(i) + 4*w(i). Let k(f) = -5*f**2 + 3*f - 2. Let m be k(1). Give d(m).
-6
Let y(k) = -14*k**3 - 13*k**2 + 13*k + 11. Let a(t) = -7*t**3 - 6*t**2 + 6*t + 5. Let u(z) = 13*a(z) - 6*y(z). Let w(p) = p + 5. Let x be w(-6). Calculate u(x).
6
Let d(c) = 2*c**2 - c. Let z(u) = u**2 + u. Let p be z(1). Suppose 5*x = p*x + 6. Determine d(x).
6
Let t(q) = -q**2 - 2*q - 5 - 6*q**3 + 0*q**3 + 4 + 3*q**3. Let l(g) = -3*g + 1. Let y be l(1). Let a be (-1 - 0)*y/(-2). Calculate t(a).
3
Let i(h) be the second derivative of h**3/6 - 5*h**2/2 - h. Let f = -36 + 26. Let w be 3/(-15) - 52/f. Calculate i(w).
0
Let a(w) be the third derivative of -5*w**4/24 - w**3/3 - 6*w**2. Calculate a(-2).
8
Let r(c) = -2*c**3 + 3*c**2 - c - 2. Suppose 16 = 5*u + 3*w, 14 = 2*u + 3*u + 2*w. What is r(u)?
-8
Let m(w) = -8*w**3 - w**2 + 4. Let h(v) = 7*v**3 + v**2 - 3. Let i(k) = 3*h(k) + 2*m(k). Let c be (-6)/4*4/(-6). Give i(c).
5
Let v(l) = -l - 6. Suppose -3*i - 6 = 0, 3*i = 5*q + 12 - 33. Let k be (0/(-1))/(2/(-2)). Suppose q*o + o + 20 = k. What is v(o)?
-1
Let j(u) be the first derivative of u**4/4 - u**3 + u**2 - 3*u - 69. Suppose 8 = 3*g + g. What is j(g)?
-3
Let w(z) = z - 1. Suppose 2*m = 3*m + 4, x = 2*m + 13. Let y = x + -4. Give w(y).
0
Suppose -5*b - a = 39, -b - 7*a - 27 = -2*a. Let t(p) = p**3 + 8*p**2 + 6*p - 3. Determine t(b).
4
Let q(l) be the first derivative of -l**2 - 1/4*l**4 - 6 - 5/3*l**3 + 6*l. Determine q(-5).
16
Let j(z) = -11 + 3 - 5*z + 3*z. What is j(-7)?
6
Let t(y) be the first derivative of y**6/120 - y**5/60 - y**4/24 + y**3/6 - y**2 - 1. Let b(l) be the second derivative of t(l). Give b(1).
0
Let s = -3 - -3. Let g = 3 - s. Let m(k) = k**3 - 4*k**2 + 3*k - 4. What is m(g)?
-4
Let b(f) = f**3 + 7*f**2 - 9*f - 4. Let g be b(-8). Suppose g*a = 6*a - 4. Let w(v) = 1 - 2 - 5*v - v**a - 3. Determine w(-4).
0
Let h(n) = 3*n - 1 - 2 + 4 + 2. Determine h(-2).
-3
Let l(v) = -v**3 + 4*v**2 - 3*v. Let g(a) = -a + 3. Let d be g(1). What is l(d)?
2
Suppose 2*r + 3*r + 20 = 0. Let d(l) = -4*l**3 - l**2 + 2*l - 5. Let o(a) = 3*a**3 - 2*a + 4. Let v(i) = -4*d(i) - 5*o(i). Give v(r).
-8
Let d(y) = y**3 + 4*y**2 + 5*y + 6. Let h = 9 - 12. Let t be d(h). Let c(k) = k - 5. Calculate c(t).
-5
Let r(q) be the second derivative of -3*q + 0 + 1/20*q**5 + 0*q**3 + 0*q**4 + 3*q**2. Determine r(0).
6
Suppose 3*b - 2*m = -4*m + 1, -b + m + 7 = 0. Let p(i) = -3*i**b + 4*i**3 - 4*i**3 - 3*i**3. Let n(k) = -k. Let l be n(1). Determine p(l).
6
Let u(r) = 2*r**2 - 2*r - 2. Let q be u(2). Let h(v) = v**2 + 2*v + 1. What is h(q)?
9
Let z(x) = -17*x - 32. Let k(u) = -11*u - 21. Let o(s) = 8*k(s) - 5*z(s). Calculate o(-6).
10
Suppose 0*l = -l. Let d(c) = c + 5. Calculate d(l).
5
Suppose 69 = 2*d + 21. Suppose -2*x - 2*i = -4*i - d, x + 5*i = -12. Let o(z) = z**2 - 8*z - 2. Calculate o(x).
-2
Let u = 0 + -3. Let c be (3 + 0)/3*u. Let w(r) be the third derivative of r**5/60 + r**4/4 + 2*r**3/3 + r**2. Give w(c).
-5
Let t(d) = -2*d**2 - 5*d + 1. Suppose 4*k + 8 = 4*y, 2*k + 13 = -2*y + 1. Give t(k).
-11
Suppose -7*d + 47 = 12. Let n(h) = -h**3 + 4*h**2 + 7*h - 2. Determine n(d).
8
Let f(s) = s**3 + 2*s**2 + 2. Let q be f(-2). Suppose -q*i + 3 = 1. Let p(d) = 5*d**3 - d. Calculate p(i).
4
Let y be -3 - 55/(-20) - (-17)/4. Let r(a) be the third derivative of a**4/8 - 5*a**3/6 - 2*a**2. Calculate r(y).
7
Let g = -5 + 5. Let x(d) = -d**2 - 1. Let y = 2 + -3. Let z(h) = -h**3 - 5*h**2 - 1. Let f(l) = y*z(l) + 4*x(l). Give f(g).
-3
Suppose p + 0 - 5 = 0. Suppose 8*i - 3*i + 20 = 5*q, 0 = 4*i. Let w(a) = 4 - a**3 + 5*a**2 - 2*a - 2 + q. Calculate w(p).
-4
Let b(d) be the first derivative of d**4/4 - 7*d**3/3 - d**2/2 - 1. Let j(y) = y**2 - 2*y - 281. Let m be j(-16). What is b(m)?
-7
Let t = 17 + -20. Let y(b) = -b**2 - 3*b - 3. What is y(t)?
-3
Let w(m) = 7 + 0*m**2 - m**3 - m**2 + 9*m**2. Determine w(8).
7
Let i(x) = -x - 1. Suppose y = -2 - 4. Let z be i(y). Let h(g) = 2*g**2 - g**3 + 7*g - 2*g**2 - 3*g + z + 4*g**2. Determine h(5).
0
Let c(x) = x**3 - 2*x**2 - 2. Let b be c(3). Let g = b + -12. Let t(k) = k**3 + 5*k**2 - 4. Give t(g).
-4
Let k(c) = -c**2 - 5*c - 1. Let w be k(-5). Let n(z) = 2*z**3 + 2*z + 1. Give n(w).
-3
Let l(y) = y**2 + y + 4. Let u(d) be the second derivative of d**3/6 + d**2/2 - 3*d. Let n be u(-4). What is l(n)?
10
Suppose 0 = -i + 3*i - 4. Let t(f) = 3*f + 2 - 4*f + 2*f + 2*f**2 - i*f + f**3. Calculate t(-3).
-4
Let g(a) = a + 2. Let p be g(-4). Let m(b) = 11*b + 6. Let v(s) = 17*s + 9. Let x = 2 + 6. Let l(r) = x*m(r) - 5*v(r). Determine l(p).
-3
Let l(x) = -6*x**2 + 7*x + 4. Let k(f) = f**2 - f. Let p(t) = -5*k(t) - l(t). Calculate p(3).
-1
Suppose -2*u - 21 = -3*i, 0*i + i = 3*u + 14. Let f(n) = -2 - n**2 + 0*n**2 + 6*n - 3 - 1. Determine f(i).
-1
Suppose 3*w - 2*w + 3*z - 2 = 0, -3*w = -4*z + 7. Let f(g) = -5*g**2 + 8*g - 5. Let d(l) = l**2 - l + 1. Let v(t) = -6*d(t) - f(t). Calculate v(w).
0
Let r(q) = -3*q + 1. Suppose -2 = -2*g - 4. Let y(s) = 0*s + 0 + 1 - s. Let f be y(g). What is r(f)?
-5
Let d(k) = 3*k + 2. Let z(b) = b + 1. Let n(p) = d(p) - z(p). Let r = -1 + 4. Suppose -3*t - r = -4*h, h + 1 = -t - 0*t. Determine n(t).
-1
Let f(n) = n**2 + 2*n + 4. Let x be (-12)/(-10)*20/(-8). Calculate f(x).
7
Let l(m) be the second derivative of 0 + 5*m + 0*m**2 + 1/6*m**3. Calculate l(6).
6
Let k be (-1 + 3 + -2)/(-1). Let p(r) = -3 + 0*r**2 + k - 4*r**2 + r**2 - 2*r - 2*r**3. Calculate p(-2).
5
Let w(s) = -26 - 2*s + 4*s + s + 27. Determine w(-1).
-2
Let a(k) = k**3 - 4*k**2 - k + 4. Suppose 4*u - u - 21 = 0. Suppose -2*x = -3*q + 31, -5*q - 3*x + 13 = -u. Suppose -3*d + q + 5 = 0. Determine a(d).
0
Let t(u) = -u**3 + 6*u**2 + 9*u - 4. Let c = 27 + -20. Determine t(c).
10
Let h(f) = 2*f**2 + 3*f. Let o(b) = b**2 - b + 1. Let k(w) = h(w) - 3*o(w). Let g be k(6). Let t(u) = -u**3 - 5*u**2 - 3*u + 4. Give t(g).
-5
Let h(z) = 2*z**2 + 5*z + 1. Let u be h(-5). Suppose -5*v + u = 6. Let w(m) = v*m + 3*m**2 + m**2 - m**3 + m - 1. Give w(5).
-1
Suppose -2*n + 5*n = 6. Let a(c) = -c**3 + 2*c**2 + 2. Let b be a(n). Let z(m) be the third derivative of m**6/60 - m**5/20 + m**3/6 - m**2. Give z(b).
5
Let j(l) = l - 2096*l**2 - 1 - 5*l - l**3 + 2093*l**2. What is j(-3)?
11
Let i(w) be the first derivative of -w**4/4 - w**2 - w - 7. What is i(-1)?
2
Let r(j) = 7*j**2 + 5*j + 3. Let a(q) = 6*q**2 + 4*q + 2. Let n(c) = -4*a(c) + 3*r(c). Let d be (1 + -5)/4*-1. Determine n(d).
-3
Let w(g) = -2*g + 1 - g**2 + 35*g**3 - 32*g**3 - 2. Determine w(-1).
-3
Let d(q) = -q + 2. Let o(b) = -b**3 + 5*b**2 + 6*b + 4. Let n be o(6). Suppose 13 = -3*w + n. What is d(w)?
5
Let j = 7 - 11. Let p = -7 - j. Let u(q) be the third derivative of -q**4/24 - 7*q**3/6 - q**2. Determine u(p).
-4
Let o(r) = 3*r + 0*r**2 - 5 + 3*r + 3*r**2 + 3*r**2 + r**3. What is o(-5)?
-10
Let o(v) = -2*v**2 + 1. Suppose -4*r = 0, 2 = -4*a - 5*r + 10. What is o(a)?
-7
Let j(y) = -2*y - 2. Let x be j(-3). Let z(a) be the first derivative of a**2 - 4*a + 38. Give z(x).
4
Let o = -49 - -41. Let p(g) = g**2 + 9*g + 12. Give p(o).
4
Let h(i) = i**2 + 9*i + 2. Let o be h(-8). Let a(c) = c**2 + 8*c + 9. What is a(o)?
-3
Let j(o) = -3*o**3 + 0*o**2 + 2*o**3 - 3*o**2. Suppose -2 = -w, 0 + 21 = 3*h + 3*w. Let p = h + -8. Calculate j(p).
0
Let h(k) = k + 1. Suppose -u = 2*u. Suppose 1 = p + 4*g, -23 = p - 4*g - u. Let t = -16 - p. Calculate h(t).
-4
Let l(q) = q - 3. Let j be l(-3). Let f be 1/2*j + 3. Let y(a) be the first derivative of -a**4/4 - a**3/3 - a**2/2 - 6*a - 2. Calculate y(f).
-6
Let d(g) = -5*g**2 - g. Let y = 9 - 10. Calculate d(y).
-4
Let s(r) = r + 1. Let y = 91 - 97. Give s(y).
-5
Let n(f) = f**3 - 3*f**2 + 3*f - 2. Let k(c) = c - 10. Let w be k(8). Let a = w + 5. What is n(a)?
7
Let c(j) = -j**2. Let n(z) = 3*z**2 + 2*z - 1. Let l(b) = 4*c(b) + n(b). Let m = 31 - 19. Suppose -u = 5*g - 12, 5*u - g + 2*g - m = 0. Calculate l(u).
-1
Let n(d) = -24*d + 24*d + d**3. Let f(x) be the first derivative of -x**4/2 + x**3/3 - x**2/2 + 1. Let h(i) = -f(i) - 3*n(i). Give h(-2).
2
Let u(f) = f**2 + 5*f + 6. Let t be 14/21 - 20/3. What is u(t)?
12
Let n(m) = 3 + 8*m**2 + 3